/(-4) composite?
False
Suppose 12*v + 698 = 4*f + 14*v, 0 = -5*v + 15. Suppose -183*z = -f*z - 12490. Is z a composite number?
False
Let o(d) be the second derivative of -281*d**3/3 + 8*d**2 - 17*d. Let p be o(-8). Suppose p + 153 = 5*a. Is a composite?
True
Let p = -21865 + 21387. Let l = -1 - 0. Is (l - p/(-6))*(-3)/2 composite?
True
Suppose -3 = -4*i + 1, g - 28769 = 5*i. Is g composite?
True
Suppose -2*h - 10 = -5*v, -2*h - 5*v = 2*h - 40. Let t(k) = -k**2 + 6*k - 6. Let m be t(h). Is ((-6)/(-4))/(m/((-534)/9)) a prime number?
True
Is (-75)/(-675) - ((-10)/5 + (-80450)/9) a prime number?
True
Let z(q) = 53*q**2 - 83*q + 227. Is z(19) prime?
True
Let t(f) = -f**3 - 9*f**2 - 8*f - 67. Let k be t(-9). Suppose 5*i - 20 = 0, k*b + 4*i = 6*i + 3962. Is b a prime number?
False
Suppose -45*m + 58362 = -39*m. Is m a prime number?
False
Let p(r) = r**3 - r**2 + r + 676. Let w be p(0). Let y = -53 - -464. Let i = w - y. Is i a prime number?
False
Suppose 6*q + 108 = 3*q + 3*o, 0 = q + 5*o + 60. Let l = 44 + q. Suppose 0*z = -4*z + 2*w + 8214, 0 = 4*w + l. Is z a prime number?
True
Suppose 0 = -33*z + 4*z + 288260. Let c = 18603 - z. Is c a composite number?
False
Let v(b) = b**2 - 16*b + 15. Let o be v(13). Let y be (-21)/(-2)*16/o. Let m(x) = 22*x**2 + 22*x - 3. Is m(y) prime?
False
Let p(y) = -45*y - 8. Suppose -6*d + 4*x + 199 = -3*d, -x + 5 = 0. Let r = -82 + d. Is p(r) composite?
False
Is (-60644)/14*(-112)/32 a composite number?
False
Let v(r) = -r**3 + 14*r**2 + 5*r - 33. Let z be v(15). Let b be (-9 + z)*(-22)/6. Suppose b = 5*q - 1901. Is q a prime number?
True
Suppose -p + q = 319, 969 = -3*p - 4*q + q. Suppose 3*v = h - 1439, -h + 8*v = 9*v - 1435. Let y = h + p. Is y a composite number?
True
Let g be 0 + 65904 + (-2 - -10). Let f = g - 43479. Is f prime?
True
Let c(z) = -1035*z + 5. Let h be c(1). Let t = h - -2181. Suppose -2*q - t = -3*q. Is q composite?
False
Let q(r) = -36*r**2 - 9*r - 8. Let x be q(-3). Let a = x - -342. Is a a composite number?
False
Let b be (1/(-3))/(10/(-90)). Suppose 2326 = b*d - 2837. Is d a composite number?
False
Let c = 344844 - 175967. Is c prime?
False
Let v = -18505 + 204858. Is v a composite number?
True
Let d be 81/(-405) - (-1)/5. Suppose d = -335*x + 326*x + 31437. Is x prime?
False
Let c(j) = -6*j - 23. Let o be c(-5). Let x(p) = -4 - 54*p + o*p**2 + p**3 + 32*p + 25*p. Is x(9) a prime number?
True
Let b(z) = 8*z**3 - 11*z + 10. Suppose 0*n + 54 = 2*n - 2*f, 5*f = -10. Suppose -9*u + n = -4*u. Is b(u) prime?
False
Let o(y) = y**3 - 7*y**2 - y + 12. Let u be o(7). Suppose u*r = -102 - 138. Is (-2 - 151/4)/(18/r) prime?
False
Suppose 0 = 16*t - 15*t + 4*p - 207169, 0 = 5*t + 4*p - 1035845. Is t composite?
False
Let b = 27 - 406. Let s = b + 173. Let m = s + 387. Is m prime?
True
Let j = 89 - 101. Is (-15)/(45/j) - -19483 prime?
False
Is 15 - ((-1 - 3) + -124408) composite?
False
Let l = -547382 - -1086303. Is l a composite number?
False
Is (1855646/52)/((-7)/(-14)) a composite number?
True
Let v = 4 - -2. Let l = 125 - 125. Suppose l = 5*q - v*q + 887. Is q prime?
True
Suppose 0 = 47*v - 2813103 + 272408 - 6715532. Is v a composite number?
True
Let s = 43 + -41. Let y(r) = 2 + r**2 + 6*r**2 - 4*r + 5*r**2 - 5*r**s. Is y(2) a composite number?
True
Suppose -11*z = -13*z + 2*b + 250414, -6*b + 500888 = 4*z. Is z prime?
False
Let z(y) = 9*y + 76. Let l be z(-8). Suppose 1368 - 14564 = -l*r. Is r a prime number?
True
Suppose 0 = 15*b + 23*b - 4250481 - 2609773. Is b prime?
True
Let u be (4 + 5301)*((-9)/(-3) - 2). Suppose -7750 = -7*j + u. Is j prime?
False
Let p(f) = 264*f**2 + 110*f + 5. Is p(12) prime?
True
Suppose 0 = -3*z - 2*c + 11, 5*z - 3*c = 2*c + 10. Suppose -3*a = -4*m - 33, 4*a - z*m = m + 44. Is (-1 + 28*a)*(-1)/(-1) a prime number?
True
Suppose 5*l = -2*j + 52303, -7*j + 31380 = 3*l - 4*j. Let w = l - 6609. Suppose -12*d + w = -24576. Is d prime?
False
Is 3/(6 + -5)*((-124370)/3)/(-10) a composite number?
False
Let c = -16733 - -9194. Let z be 1980*((-15)/(-2) - (2 + -14 + 14)). Let l = z + c. Is l composite?
True
Let x(d) = 165*d + 1. Let n be x(-5). Let l be 127/(-4 - 405/(-99)). Let g = n + l. Is g a prime number?
False
Suppose 0*s - 29 = -s + 5*k, k - 55 = -3*s. Let q = s - -360. Is q a prime number?
True
Let n(c) be the second derivative of -c**5/20 + c**4 + 7*c**3/3 - 9*c**2/2 + c + 2. Is n(10) a composite number?
False
Let f = -193 + 161. Is (-6598*(-4)/f)/(5/(-20)) prime?
True
Let z = -675 - -674. Let c(v) = -v + 296*v**3 + 2*v - 1114*v**3 + v**2. Is c(z) composite?
True
Suppose 0 = -42*b - 16*b + 348. Is (-7029)/27*b/(-2) a composite number?
True
Let z(a) = -1731*a**2 + 7*a - 7. Let w be z(1). Let n = w + 8080. Is n prime?
False
Suppose -724213 = -3*p + r, -10*r - 12 = -7*r. Is p composite?
True
Let t = 37509 + 29326. Is t a composite number?
True
Let u(s) = 6*s + 62. Let k be u(-10). Suppose -j - 2*b = -2901, 6*j - 11601 = k*j - 5*b. Is j a prime number?
False
Suppose -4*c - 2977165 = -3*p, 4260*p - 4259*p + 3*c = 992371. Is p prime?
False
Suppose -11*g + 7*g - t = -11, 12 = -2*g - 4*t. Suppose -g*m + 11*m = -70. Let j(f) = f**3 + 12*f**2 - 6*f + 33. Is j(m) a composite number?
False
Let i(y) be the second derivative of 3/2*y**2 + 22*y + 4/3*y**3 + 0 + 5/12*y**4. Is i(10) a composite number?
True
Let t(v) = -2 - v**2 + 3*v - 9*v - 7 + 0. Let c be t(-4). Is -521*(9 - 4)/c prime?
False
Suppose 10080 = 7*q + 11*q. Suppose -35*w = -28*w - q. Is -1574*(9/(-10) - (-32)/w) a prime number?
True
Let g = 79 - 65. Suppose -4*u + 5*u - g = 0. Suppose -u*d + 15078 = -8*d. Is d a prime number?
False
Let p = 2471 - -28136. Is p a prime number?
False
Let d = -1217 + 20056. Is d prime?
True
Let l(t) = 0*t + 40 - 42 + 4151*t**2 - 4*t. Is l(-1) prime?
True
Suppose -11*w = 23469 + 57194. Let b = 18206 + w. Is b a composite number?
True
Let m(r) = 4*r. Let v be m(1). Suppose -4*t + 4*z = v, 0 = -2*t + 4*z + 2. Is 12/t + 5 + 1604/2 a composite number?
True
Let m(w) = w**2 - 9*w + 37. Let x(i) = 15*i - 115. Let d be x(6). Is m(d) prime?
True
Let q be 31816/(-40) - 6 - (-2)/5. Let a = 2648 + q. Is a composite?
False
Let o = 795 - 532. Let f = 568 - o. Is f prime?
False
Let j = 26095 + -8396. Is j a prime number?
False
Suppose -5*v + v = -36. Let x = v - 184. Let n = 290 + x. Is n composite?
True
Suppose -4*f - 3 = -3*a - 25, 4*f + 2*a - 12 = 0. Suppose 12 = x - 4*j, f*j = -5*x + x + 8. Suppose 122 = x*n - 402. Is n a composite number?
False
Let k(r) = 3*r + 14. Let s(x) = 4*x + 28. Let w(f) = 7*k(f) - 4*s(f). Let u be w(6). Suppose 0 = -u*h + 15*h + 1471. Is h a prime number?
True
Suppose 147081 = 2*a - 91164 - 193369. Is a composite?
True
Let q(n) = 7*n**2 + 22*n - 324. Is q(17) a prime number?
False
Is (-3)/((7/(135692809/232616286))/(-2) + 6) prime?
True
Is ((-255570)/(-28) - 27)/(2 - 2/4) prime?
True
Let v(u) = 4944*u**2 - 7*u - 2. Let z be v(-2). Suppose 0 = -2*i + 4*y + 11198, -5*i + 2*y = -8247 - z. Is i a composite number?
True
Let h = 14 - 14. Suppose -5*v - 6 + 21 = h. Is (3 - v) + -3 - -56 a composite number?
False
Suppose 4*x + 384647 = 5*f, 51896 = -2*f + 4*x + 205750. Is f a prime number?
False
Let r(q) = -q**3 + 21*q**2 - 20*q + 9. Let s be r(20). Suppose -6*v = -s*v + d + 26439, 4*v - 35252 = -5*d. Is v a composite number?
True
Suppose -990 = -8*l - 3*l. Is 12/l - (-33223)/15 composite?
True
Suppose 68 = 2*t + 2*q, 5*t - 174 = -2*q - q. Suppose 4*w = 2*c - t, -6*w + 3*w - 42 = -3*c. Let k(y) = 16*y - 1. Is k(c) prime?
False
Suppose 5 + 226 = 21*x. Suppose 7*v = -k + x*v + 10839, 3*v - 54149 = -5*k. Is k a prime number?
True
Suppose 26*r - 352005 = -64887. Suppose 5*j - 11039 = -3*c, -3*c - 5*j + r = -2*j. Is c a prime number?
False
Let j = 46326 - -10506. Suppose -7*z = -j - 7757. Is z prime?
True
Let l be 2*(-2)/(-10) + (-6831)/115. Let h be (l - (-20)/(-4))*(-1)/2. Suppose q - h = 21. Is q a prime number?
True
Let q = -587 + 609. Is (q + -23)*12061*-1 prime?
False
Let p = 443 + -461. Is (4 - p/(-4))*-59834 composite?
False
Suppose -n - 1 = 13. Let v be (1/3)/((-2)/12) - 0. Is (485/3)/(n/21)*v a prime number?
False
Suppose -5*k + 4*k = -25084. Suppose -39*u + k = -35*u. Suppose 0 = -4*h - u + 39011. Is h a composite number?
True
Let z = -13879 - -30260. Is z a composite number?
False
